 Calculate the greatest common divisor of 11 and w.
11
Let h = -623 - -658. Calculate the highest common divisor of 5 and h.
5
Suppose j - 358 = 3*j. Let f = j - -263. Suppose -2*c - 16 = -d, -5*d - c + f = 15. What is the greatest common divisor of 35 and d?
7
Let u be (1 + -19)*9/(-3). Suppose 0 = -p + 2*r + 42, -44*p + 41*p + 117 = -3*r. Calculate the greatest common factor of u and p.
18
Let r(u) = 3*u**2 + 2*u - 12. Let s be r(-3). Suppose -6*p = -11*p - 50. Let m be (72/p)/((-2)/10). What is the greatest common factor of s and m?
9
Suppose 0*p = -2*p + v - 115, 0 = -2*p + 3*v - 121. Let b be 167/8 + (119/p)/(-17). Calculate the highest common divisor of 42 and b.
21
Suppose -4*m - b + 24 = 0, m - b + 5 = 6. Suppose 360 = 4*c - 204. Suppose -s + 4*z + 116 = s, 3*s + m*z = c. What is the greatest common divisor of s and 130?
26
Let i be (3 - (3 - 1))/((-94)/(-21150)). What is the greatest common factor of i and 200?
25
Suppose -3*r + 190 - 160 = 0. What is the highest common factor of r and 670?
10
Let k(o) = -43*o + 309. Let l be k(7). Suppose 4*q + 4*s - 80 = 212, -3 = -3*s. Calculate the greatest common factor of l and q.
8
Let u = 2943 + -2808. Calculate the highest common factor of u and 345.
15
Let i(g) = -g**2 - 26*g - 58. Let n be i(-13). What is the greatest common factor of 185 and n?
37
Suppose 2*i - i + 3*g - 766 = 0, 0 = -i + g + 786. Calculate the greatest common divisor of i and 71.
71
Let j be (2/3 - (-1256)/(-120))*-5. Calculate the greatest common divisor of 147 and j.
49
Suppose -6*j + j + 975 = 0. Suppose -j = -3*f - 15. Let x = -15 + 27. What is the highest common factor of f and x?
12
Suppose -d + 141 = z, -z + d = -d - 132. Suppose 0 = -3*r + 2*c - 5*c + z, -3*c - 156 = -3*r. Let s = -80 + 87. What is the greatest common divisor of s and r?
7
Let b = -935 - -945. Let g(k) = k + 30. Let h be g(0). What is the greatest common factor of b and h?
10
Suppose 0 = 1029*n - 1004*n - 24000. Calculate the greatest common factor of 30 and n.
30
Suppose 0 = -4*d + 12, -o = 4*o + 5*d - 2580. Calculate the greatest common factor of o and 19.
19
Let m = -127 - 213. Let i = m - -615. Let g be ((-12)/(24/4))/(2/(-25)). What is the highest common factor of g and i?
25
Let t = -808 - -850. What is the highest common divisor of 147 and t?
21
Let x be 948/32 + 6/16. Calculate the greatest common factor of 10 and x.
10
Suppose 0 = -3*w - 0*w + 105. Suppose c + 1 = 3*q - 11, -3*q + 6 = -3*c. What is the greatest common divisor of w and q?
5
Let d(y) = -29*y**3 - 1. Let s be d(-1). Let k be (-243)/(-7) + 1 + 8/s. Calculate the highest common factor of 90 and k.
18
Let j be 8/(-14) - (-6080)/56. Calculate the highest common divisor of j and 144.
36
Suppose 6*v - 372 = -0*v. Suppose 0*b - 85 = -b + 5*n, n - 207 = -3*b. Let y = b + 23. Calculate the greatest common divisor of v and y.
31
Let p(w) = 4*w**2 + 21*w + 25. Let l be p(-6). Calculate the greatest common divisor of 301 and l.
43
Suppose 0 = 5*n - 0*n + 20. Let v be (-8)/n - -8 - -4. Calculate the highest common factor of 14 and v.
14
Suppose -20 = -2*r + 4*i, -5*r - 3*i + 0*i = -50. Calculate the greatest common factor of r and 290.
10
Suppose 615*l + 252 = 622*l. Calculate the highest common factor of 27 and l.
9
Suppose 3 = 4*a - 9. Suppose 4*j + 3*q + 15 - 74 = 0, -a*j - q = -48. What is the highest common divisor of 51 and j?
17
Let h = -682 + 776. Calculate the highest common factor of h and 2538.
94
Let w(o) = 3*o**3 + 6*o**2 - 2*o. Let j(v) = v**3 + v**2. Let f(b) = 4*j(b) - w(b). Let h be f(4). Calculate the highest common divisor of h and 10.
10
Suppose 6*j - 576 = 2*j. Let o(p) = p**2 + 9*p + 1. Let a be o(-10). Suppose 0 = -6*h + a*h - 90. What is the highest common divisor of h and j?
18
Let b = 40 + -41. Let x be 1/(b*5/(-65)). Calculate the greatest common divisor of 39 and x.
13
Suppose 13*g - 12*g - 6 = 0. Let b(i) = 0 - 2 + 5*i + 5. Let w be b(g). Calculate the highest common divisor of 11 and w.
11
Let t = 20 - 9. Suppose -495 = -177*n + 172*n. Calculate the highest common factor of t and n.
11
Let v(q) = -2*q**3 + 16*q**2 - 13*q - 1. Let w be v(6). Let o be (1 - (0 + 0))*53. Let x = o - 27. Calculate the highest common divisor of w and x.
13
Let h(i) = -4*i**3 + 3*i**2 + 8*i + 14. Let m be h(-3). Calculate the highest common divisor of m and 5.
5
Let g(y) = y - 2. Let t be g(-7). Let p(c) = -c**2 - 11*c + 17. Let r be p(t). What is the greatest common divisor of 105 and r?
35
Suppose w + 2*c = -7 - 3, -2*w + 5*c - 65 = 0. Let p be (-2)/w + 1197/30. What is the greatest common factor of 10 and p?
10
Let a = 2381 + -661. What is the highest common divisor of 80 and a?
40
Suppose 0 = 3*g - 6*g + 135. Suppose 4*f - 82 - 50 = -2*u, 126 = 2*u + 2*f. What is the greatest common divisor of u and g?
15
Let b be 5 + 2390/14 + (-6)/(-21). Calculate the greatest common divisor of 16 and b.
16
Suppose -3*y + 6*y = 57. What is the highest common divisor of 475 and y?
19
Suppose 5*s = -3*t + 6, -s - 2*s = 4*t - 8. Suppose -t*w = -63 + 11. Calculate the greatest common factor of w and 286.
26
Suppose 2*f - 11 = -1. Let n be 6/(-4)*(-2)/(-1). Let i be (-2 + 7 - n) + 2. Calculate the greatest common divisor of f and i.
5
Suppose b = 3*j + 2 + 3, -4*b = 3*j - 20. Suppose -3*z + 392 + 37 = j. Let i = 12 + 1. Calculate the highest common divisor of i and z.
13
Suppose -5*k = -10 + 5. Let g be (-10)/(-5)*k*3. Calculate the highest common factor of g and 42.
6
Suppose 4*r - 22 = y, r - y + 18 = 5*r. Let x = 3 - 2. Calculate the greatest common divisor of x and r.
1
Let r = 1771 + -896. What is the greatest common factor of 7 and r?
7
Suppose -2*s = -2*h + 84, -h + 2*h + 2*s - 36 = 0. Suppose -7 = 2*m + 2*p + 7, 2*m - 2*p = -26. Let o = 20 + m. Calculate the highest common factor of o and h.
10
Let j be (-52)/(-16) + 1/(-4). Let n(d) = -7*d**3 - 2*d**2 + 1. Let m be n(j). Let l = -126 - m. What is the greatest common divisor of 32 and l?
16
Let y(f) = -2*f**3 + 10*f**2 - 8*f + 4. Let s(b) = -b - 4. Let m be s(10). Let j = 18 + m. Let q be y(j). What is the greatest common divisor of 36 and q?
4
Suppose 0*r - 4*c = -r, 5*r - 4*c - 16 = 0. Suppose 1332 = 586*q - 1598. What is the highest common factor of r and q?
1
Suppose 45*g = 19*g + 1170. Calculate the highest common factor of 279 and g.
9
Let n be -4 + 3 - (27 + -34). Suppose -p = j - 10, 2*p + 38 = 6*p + 5*j. Calculate the greatest common factor of n and p.
6
Let s(q) = -q**2 + 11*q + 18. Let j be s(6). Let t = -202 + 214. What is the highest common divisor of t and j?
12
Suppose -5*d + 103 + 92 = 0. Calculate the greatest common divisor of d and 52.
13
Let v = 395 - 363. Calculate the greatest common factor of 104 and v.
8
Let k = -2427 + 2462. Suppose -2*g + 0*g + 2*m + 4 = 0, 2*g - 2 = 3*m. Let o = 3 + g. What is the greatest common factor of k and o?
7
Let l(p) = p**2 - p + 6. Let x be l(0). Suppose -y - 13 = -31. Calculate the greatest common factor of y and x.
6
Let v be (-1184)/(-80) - 1/(-5). What is the greatest common factor of v and 435?
15
Let q(y) = -y**2 - 14*y - 20. Let j be q(-10). Suppose v = 59 - j. Calculate the highest common divisor of v and 78.
39
Let t(b) = -5*b + 111. Let i be t(-29). What is the greatest common divisor of 24 and i?
8
Let v be (-5)/10*172/(-2). Let a(t) = 2*t**2 + 33*t + 26. Let n be a(-21). Calculate the highest common factor of v and n.
43
Let t = -233 + 275. What is the highest common divisor of t and 210?
42
Let t(p) = -p**2 + 25*p + 6. Let d be 9 + (3 - 2) + -1. Let k = d + 2. Let w be t(k). What is the greatest common divisor of w and 16?
16
Suppose 0 = 23*m - 8*m - 75. Let h(j) be the first derivative of j**3/3 - 3*j**2/2 + 2*j - 1. Let s be h(m). What is the greatest common factor of 30 and s?
6
Let m(n) = -n**3 - 3*n**2 - 10*n - 3. Let i be m(-3). Suppose 478 = -4*k + 1342. Calculate the highest common factor of k and i.
27
Let p be 1 + 9/(3/1). Suppose -p*x = -9*x + 85. Let u be 1*(-17 - 0)*-1. Calculate the highest common factor of x and u.
17
Let o = -17 + 19. Suppose u = -o*d + 9, 0 = d + u - 0 - 3. Let l be 104/d*(-39)/(-26). Calculate the highest common divisor of l and 39.
13
Suppose 3*i - 4*k - 43 = 0, -2*i + k - 38 = -5*i. What is the greatest common divisor of 52 and i?
1